*z - 21*z, -3*z - 21606 = -5*a. What is the units digit of a?
3
Let l = 134 + 314. Suppose 0 = -v - w + 464, v + 4*w + w - l = 0. What is the tens digit of v?
6
Let x(q) = 12*q**2 + 13*q - 36. Let o be 6/(13/((-39)/(-6))). What is the tens digit of x(o)?
1
Suppose 5*j - 3*t = 337 + 59448, 0 = -3*t. Suppose -40*z = -29*z - j. What is the tens digit of z?
8
Let g(b) = 15*b**3 - 8*b**2 + 9*b + 21. Let s be g(-5). Let z = -1239 - s. What is the hundreds digit of z?
8
Let n(x) be the first derivative of 19 - 3/2*x**2 + 2*x + 4/3*x**3. What is the hundreds digit of n(6)?
1
Let f(r) = -31*r - 99. Let i be f(-5). Let g = -161 - -265. Let u = g - i. What is the units digit of u?
8
Suppose 0 = -5*r + 3*w + 49487, -6*r + 4*r - w + 19797 = 0. What is the tens digit of r?
9
Let f(a) = -7 - 19 + 9*a - 4*a + a**2 + 6*a. Let j be f(-13). Suppose 3*r - 522 + 108 = j. What is the hundreds digit of r?
1
Let r = -34 - -14. Let u = -22 - r. What is the units digit of 18*(u + (-14)/(-6))?
6
Suppose 6*j - 217991 + 56273 = 0. What is the ten thousands digit of j?
2
Suppose 9165 = 21*g - 36321. What is the tens digit of g?
6
What is the thousands digit of 49/14 + 4 + (-9)/18 - -83952?
3
Suppose -5*w - 16 = -5*y - 3*w, 3*y - 10 = w. Suppose y*n - 3*h = 225, 3*h + 289 = 5*n + 7*h. What is the units digit of n?
7
Let w be 4/30 - (-3476)/30 - 1. Suppose 4*f - 1149 = -4*r + w, -3*r + 3*f + 942 = 0. What is the tens digit of 2 + -6 + r/9?
3
Let l(c) = c + 4. Let g(p) = -1. Let w(s) = -2*g(s) + l(s). Let q be w(-4). Suppose 133 = q*j - a, -3*a - 253 = -5*j + 77. What is the units digit of j?
9
Suppose 26*p + 51 = 27*p. Suppose 11*m = p*m - 12280. What is the hundreds digit of m?
3
Let n(m) = -m**2 - 20*m + 77. Let k be n(-23). Suppose -k*s + 6596 = 9*s. What is the hundreds digit of s?
3
Suppose -z + 0*j - 4*j = -114, j + 228 = 2*z. Suppose 44 + 12 = 2*g - 2*c, -z = -4*g + 2*c. What is the tens digit of g?
2
Let l(s) = 15*s**2 - 14*s - 4. Let b be l(-12). Suppose 9*v - b = 5353. What is the tens digit of v?
5
Let y(w) = -2*w**3 + 67*w**2 + 38*w - 10. Let q be y(34). Let l be -3*(-3)/(9/2). Suppose l*f = -8, 0*p + 2*p - 4*f = q. What is the tens digit of p?
5
What is the thousands digit of (17/((-51)/(-5784)))/(792/(-200) + 4)?
8
Let t(s) = 2*s**3 + 7*s**2 + 3*s - 21. Let u be t(-9). Let o = 1344 + u. What is the units digit of o?
5
Let p(s) = 4*s + 57. Let i be p(-12). What is the tens digit of 19 + -16 + i*90?
1
Suppose 0 = -4*j, 5*b - j = 19 + 1. What is the tens digit of 230620/364 + b/(-7)?
3
Let g be (-132)/18 - 10/15 - (-4)/1. Let t be 1 - (0 + 1) - -44. Let c = t + g. What is the units digit of c?
0
What is the ten thousands digit of (((-1166448)/(-18))/19)/(6/45)?
2
Let w = -350 + 6892. What is the units digit of w?
2
Suppose -2*d + 27 = -5*d. Suppose 2*j = 80 - 76, 0 = -5*t - j + 1307. What is the units digit of -8*(t/2)/d?
6
Suppose 4*l = 3*n + 22, 14 = -5*n + 3*n + 2*l. What is the tens digit of ((-220)/n)/((-17)/(-51))?
1
Suppose i - 263 = -i - x, 0 = 3*i + 3*x - 393. Let w = 373 - i. Let r = w + -120. What is the hundreds digit of r?
1
Let h = 7254 + -336. What is the thousands digit of h?
6
Let s = -12717 - -38914. What is the ten thousands digit of s?
2
Let r(n) = -10*n**2 + 2*n. Let y be r(1). Let z = y + 8. Suppose -c + z = -4. What is the units digit of c?
4
Suppose 7*q - 1509 = -0*q + 17818. What is the thousands digit of q?
2
Suppose -4*r = -f + 117, r = -2*r + f - 89. Let v = 19 + r. What is the units digit of v + 67 + (-1)/1?
7
Let i(y) = 175*y**2 - 86*y - 52. What is the units digit of i(7)?
1
Let f(y) = 382*y + 17. Let r(c) = -763*c - 37. Let h(x) = 9*f(x) + 4*r(x). What is the units digit of h(1)?
1
Let m = 7828 + -4017. What is the tens digit of m?
1
Let q(b) = -b**2 + 7*b + 13. Let p be q(6). Suppose 2535 = -6*f + p*f. What is the tens digit of f/(-9)*(-9)/6*2?
6
Let j be 36*1*208/(-39). What is the units digit of 33/4*(-19456)/j?
6
Let a(w) = w**3 - 4*w**2 + w - 21. Let z = 69 - 64. Let u be a(z). Suppose -1497 + 309 = -u*p. What is the tens digit of p?
3
Let j(b) = -b**3 - 12*b**2 - 10*b + 22. Let m be j(-11). Suppose 0 = -8*z + m*z - 117. What is the tens digit of z?
3
Suppose -28*h + 2*h + 4940 = 0. Let c = h + 15. What is the units digit of c?
5
Suppose -104 = v + 4*o + 2, -3*v + o = 318. Let j = 324 - 352. Let a = j - v. What is the units digit of a?
8
Let c(d) be the first derivative of 90*d**2 + 71*d - 103. What is the hundreds digit of c(2)?
4
Suppose 5*n - 5*p = 3 + 27, 0 = -4*n + 2*p + 14. What is the tens digit of n + 1 + 3776/(13 + -5)?
7
Let t(h) = -h**3 + 9*h**2 + 12*h - 13. Let s be t(10). Suppose -s*q + 375 = -4*q. What is the hundreds digit of q?
1
Suppose 8*u - 23 = -47. Let p(a) = 46*a**2 + 13*a + 32. What is the tens digit of p(u)?
0
Suppose -77592 + 375760 = 61*r. What is the thousands digit of r?
4
Let o = 563 - 330. Let n be -1 - -2*o/(-2). What is the units digit of n/(-36) + 1/(-2)?
6
Let i(y) = y**2 + y - 1. Let o(d) = -d**3 - 27*d**2 - d - 24. Let k(r) = -6*i(r) + o(r). What is the tens digit of k(-33)?
1
Let p(x) = 2*x**2 - 34*x - 5. Let f be p(14). Let r = -89 - f. Suppose 5*a - 89 - 176 = r. What is the units digit of a?
3
Let c(f) = 29*f**3 - 3*f**2 + 5*f + 10. Let z be c(4). Let y = -1105 + z. What is the hundreds digit of y?
7
Let b = 36 - 38. Let a be (-1)/b - (-152)/16. Let r(n) = n**3 - 8*n**2 - 17*n + 22. What is the units digit of r(a)?
2
Let q(m) = -m**3 - 25*m**2 - 56*m - 29. Let g be q(-23). Suppose -2*c + 1219 = -g. What is the units digit of c?
0
Suppose -106*b + 71*b = -823585. What is the thousands digit of b?
3
Let q(b) = -b**2 - 1. Let i(d) = 9*d**2 + 13*d. Let p(z) = -i(z) - 3*q(z). Let r(v) be the first derivative of p(v). What is the units digit of r(-9)?
5
Let w = -344 - -6552. What is the thousands digit of w?
6
What is the hundreds digit of 12 - -5*(2581 - 10)?
8
Let s = -87 + 106. Suppose -4*i + 5*w = -3*i - s, i - 15 = 3*w. Let l(h) = -h**3 + 11*h**2 - 14*h + 6. What is the units digit of l(i)?
2
Let i be (3 - 1)*(-2)/(-8)*38. Suppose i*h - 990 = 13*h. Suppose 3*d = 2*d + h. What is the hundreds digit of d?
1
Let p(i) = -7*i**3 + 4*i**2 - 3*i - 26. Let c(t) = 5*t**3 - 3*t**2 + t + 27. Let h(x) = -4*c(x) - 3*p(x). What is the units digit of h(9)?
4
Let r(s) = -29*s - 63. Let x(p) = -145*p - 317. Let g(j) = 11*r(j) - 2*x(j). What is the hundreds digit of g(-16)?
4
What is the hundreds digit of ((-9)/((-180)/8))/((-20)/(-8748850)*11)?
9
Let x = 5851 + -568. What is the units digit of x?
3
Let v(z) = 2*z**3 + z**2 - z - 2. Let a be v(-1). What is the tens digit of ((-1904)/(-170))/(a/(-5))?
2
Let v(i) = 3*i**2 + 13*i - 12. Let y be v(-5). Let f(t) = -293*t + 4. What is the hundreds digit of f(y)?
5
Let v(b) = -b**3 - 5*b**2 + 80*b - 40. What is the thousands digit of v(-18)?
2
Suppose 19*y - 3668 = -1464. Suppose -2*d = 3*p + 2*p - 405, 0 = -5*d - 5*p + 1035. Let l = d - y. What is the tens digit of l?
9
Suppose -21*x - 545647 + 719506 = -846888. What is the hundreds digit of x?
6
Let v = -335 + 2249. What is the thousands digit of v?
1
Suppose -a + 17606 = -y, -724*a - 17610 = -725*a + 3*y. What is the hundreds digit of a?
6
Let p(l) = 58*l**2 + 7. Let y(u) = -58*u**2 + u - 7. Let g(o) = -2*p(o) - 3*y(o). What is the hundreds digit of g(2)?
2
Let m be -3*((-25)/3)/5. What is the units digit of (m - 9)*125/(-20)?
5
Let v = -51 - -43. What is the tens digit of (v/60 - (-2)/15) + 36?
3
Suppose 0 = -39*v + 30*v + 2223. Let g = 86 + v. What is the tens digit of g?
3
Let n(k) be the first derivative of -k**4/8 + 47*k**3/6 + 7*k**2/2 + 10. Let x(v) be the second derivative of n(v). What is the tens digit of x(0)?
4
Let p = -1898 + 5630. What is the tens digit of p?
3
Let i = -161 + 470. Let t = i - 73. Let k = t + -83. What is the tens digit of k?
5
Let p = 307 + -445. What is the units digit of (-95174)/p + (-4)/6?
9
Let g(z) = 3*z + 37. Let r be g(-11). Suppose 0 = 5*v - 3*q + 7, -3*q + 16 = -0*v + r*v. What is the tens digit of (-2 - (-2 + v)) + 25?
2
Suppose 0 = 179*z - 169*z - 92530. What is the units digit of z?
3
Let a(i) = -5*i**3 - 7*i**2 - 3*i + 1. Let g(d) = d**2 + 3*d - 14. Let v be g(-5). What is the hundreds digit of a(v)?
2
What is the units digit of 5*(5 - 4)*(3 + 848)?
5
What is th